- 7*s + 4. Let l(d) = d**2 - d + 1. Let c(t) = h*f(t) - 5*l(t). Calculate c(-3).
-4
Let g(j) = -j**2 - 4*j + 2. Let f be 48 - (-2)/((-8)/20). Suppose 8 + f = 17*i. What is g(i)?
-19
Let o(d) be the first derivative of -3*d**2/2 - 7*d + 21. Let j(h) = 4*h + 6. Let l(t) = -4*j(t) - 3*o(t). Give l(-2).
11
Let p(o) = o**2 - 5*o + 6. Suppose -4*m + n + 3 = 0, -2*m + 3*n - 2 + 11 = 0. Suppose m + 36 = 9*x. Calculate p(x).
2
Let z(i) = -5*i + 1. Let a be 5*(-69)/(-75) - 4/(-10). Calculate z(a).
-24
Let u = 184 - 175. Let a(j) = -4*j + 2*j + 7 + j + 0*j. What is a(u)?
-2
Let k(t) = -4*t - 1. Let j(z) = z**3 - 5*z**2 + 3*z - 9. Let a be j(5). Suppose -4*g + a = -2*g. Suppose 4*s + 3 = -g*h, h - 25 = -5*s + 3*h. Calculate k(s).
-13
Suppose 7*d - 18*d = -44. Let q(s) = s**3 - 6*s**2 + 6*s - 6. Determine q(d).
-14
Let j(r) = r**2 + 4*r + 10. Suppose 553 = 12*g - 91*g. Determine j(g).
31
Suppose 5*g + 120 - 105 = -2*a, -2*g - 30 = -4*a. Let n(j) = -2 + j + 2. Determine n(a).
5
Let d(n) = 1 - 1 + 2 + 6*n. Let u(j) = 5*j - 5. Let z(x) = 3*x - 3. Let m(p) = -5*u(p) + 8*z(p). Let y(g) = d(g) + 4*m(g). Give y(-7).
-8
Suppose -18*s + 16 = -10*s. Let h(t) = t**2 - t - 3. What is h(s)?
-1
Suppose 5*q - 4 = 6. Let x(g) = 0 + 159*g + 222*g - 376*g + 1. Calculate x(q).
11
Let g(c) be the third derivative of 0*c - 1/12*c**4 + 3*c**2 - 1/20*c**5 - 1/120*c**6 + 1/3*c**3 + 0. What is g(-3)?
8
Let q(a) be the first derivative of -3*a**2 - 2*a**3 - 29 - 1/4*a**4 + 3*a. Calculate q(-5).
8
Let a(i) = 5 + 2*i**3 - 3*i**3 + 13*i**2 + 7*i - 9*i**2 - 9*i**2. Let t be a(-6). Let x(g) = 14*g**2 - g - 1. Give x(t).
14
Let x(j) = -j**3 - 2*j**2 + 4*j - 2. Let t = 58 - 114. Let b = -60 - t. Calculate x(b).
14
Let x(s) be the third derivative of 0 - 4/3*s**3 + 3*s**2 + 0*s + 1/8*s**4. Let f(a) = -1. Let o(w) = -5*f(w) + x(w). Calculate o(3).
6
Let p(d) = d**3 - 15*d**2 - 15*d - 16. Suppose -3*x - 4*q + 32 = -2*x, q = 5*x - 76. Calculate p(x).
0
Suppose -3*t - 1 = -19. Suppose -i - 9 = -0*d - 4*d, 4*i = -d - 2. Suppose -d = -5*f + t*f. Let p(x) = x + 1. Calculate p(f).
-1
Let t(b) be the second derivative of b**4/12 + 11*b**3/6 - 2*b**2 + 83*b. Determine t(-11).
-4
Let k(a) be the second derivative of -3*a**5/20 - a**3/6 + a**2/2 + 55*a - 2. Determine k(1).
-3
Let v(s) be the second derivative of s**4/6 + s**3/2 - s**2/2 + 429*s. Calculate v(-4).
19
Let t be 1 - (-6 + 5) - -6. Let h(g) = 3 + 4 - 5 + 7*g - g**2. Calculate h(t).
-6
Let c(u) = -13*u**2 + 2*u + 0 - u - 1 + 8*u**2 + 8*u**2. Calculate c(1).
3
Let y be 0 + 5 + (-5)/5. Suppose y*t = t. Let s(d) = -d + 40*d**3 - 3*d**3 - 38*d**3 + 4. What is s(t)?
4
Let m(c) = -2*c**2 + 2*c + 1. Let h(z) = -z**2 - 3*z + 4. Let o = -3 + -1. Let g be h(o). Suppose 0*n + n + 2 = g. What is m(n)?
-11
Let d(x) = -2*x - 29. Let n be d(-16). Suppose 3*s - 7*s = -20. Let k(g) = -3*g - g + 3*g + 1 + s*g**2 - g**3 - 2*g. What is k(n)?
10
Let a(f) = -f**2 - 12*f - 10. Let t be (-9)/(90/160) + 9. What is a(t)?
25
Let b(t) be the third derivative of t**6/120 + t**3/3 + 33*t**2. Calculate b(-2).
-6
Let v(p) = p**2 - 8*p + 5. Let q(l) = l - 3. Let b(z) = -2*q(z) + v(z). What is b(7)?
-10
Let h(w) be the first derivative of -3*w**2 + 65*w + 674. Give h(10).
5
Let k(n) = -2*n - 22. Let x(c) = -c - 11. Let s(b) = 2*b**2 + 11*b. Let q be s(-5). Let p(y) = q*x(y) + 2*k(y). Determine p(-5).
6
Let m(r) = -r**3 - 2*r**2 + 2*r - 3. Let j(y) = y**3 + 12*y**2 - 3*y - 39. Let o be j(-12). Give m(o).
0
Suppose -5*a + 11 = -5*h + 26, 2*h + 12 = -4*a. Let n(q) = 2*q**2 - 17*q + 8. Let j be n(8). Let t(k) = j*k + 1 - k - 2. Give t(a).
2
Let g(q) = -3*q. Let r(a) = -2*a - 1. Let p(d) = -6*g(d) + 5*r(d). Let u be p(6). Let k(j) = j**3 - 42*j + 4 + 0*j**2 + u*j - 4*j**2. Calculate k(3).
-2
Suppose -69*o = -68*o - 4. Let v(n) be the second derivative of -1/2*n**3 + n + 0 + 0*n**2 - 1/4*n**o. Give v(-3).
-18
Let s(q) = 2*q + 5. Let g(t) be the first derivative of -t**2 - 8*t + 3. Let j be g(-10). Let x = j - 16. Determine s(x).
-3
Let d(l) = -36*l**3 - l + 1. Suppose -33*q + 35 = 2. Give d(q).
-36
Let r be 26/10 + -1 - 22/(-55). Let m(t) = 3*t**2 - 2*t - 1. Let c be m(-1). Let j(i) = 2 - 5 - i**2 + 4 - c*i + 6*i. What is j(r)?
1
Let z be 72/10 + -24*8/160. Suppose -2*h + w = -2, 2*w - 4 = 3*h - 3*w. Let a(c) = h*c + 0*c + 5 - 11. Give a(z).
6
Let v(o) = -2*o - 13. Let l(r) = r + 14. Let g(w) = -3*l(w) - 2*v(w). Give g(10).
-6
Let f(i) = -3*i**3 - 2*i**2 + i + 17. Let h(p) = 16*p**3 + 11*p**2 - 5*p - 84. Let l(g) = 11*f(g) + 2*h(g). What is l(0)?
19
Let b(q) = -q**3 + 11*q**2 + 13*q - 6. Suppose 108 = -9*f + 18*f. Give b(f).
6
Suppose 0 = -d - 0*d + 1. Let q(t) = t**2 + 4*t - 5. Let j(p) = -p + 1. Let n(m) = d*q(m) + 5*j(m). Determine n(2).
2
Let u(d) = -3*d**2 + 2*d + 2. Suppose z = 3*z - 6. Suppose 12 = -0*i - z*i. Let s be -4 - i - (-3 - -1). What is u(s)?
-6
Suppose -m = 3 + 2. Let j(t) be the first derivative of t**5/120 - t**4/12 - 5*t**3/3 + 9. Let q(c) be the third derivative of j(c). Give q(m).
-7
Let a(z) = -2*z**3 - 4*z + 11. Suppose -4*m + 26 = -3*s, -m + 0*m - 4*s - 3 = 0. Let u(h) = -3*h**3 - 7*h + 23. Let k(l) = m*a(l) - 3*u(l). Give k(0).
-14
Let h(g) = -6*g**2 - 4*g - 10. Let q(u) = 5*u**2 + 5*u + 9. Let f(y) = 4*h(y) + 5*q(y). Let a = -38 + 31. Determine f(a).
-9
Let b(n) be the second derivative of -n**3/6 - 4*n**2 + 164*n - 2. Suppose 3*q + 1 = -26. Calculate b(q).
1
Let s be 5*(-11)/55*-5. Let x(b) = 9 - 3*b + 2*b - 1. What is x(s)?
3
Let i(o) = o**3 + o**2 - o + 1. Suppose -27 = 8*t - 11. Let w(y) = 3*y**3 - 2*y**2 - 3*y + 4. Let b(v) = t*i(v) + w(v). Give b(3).
-10
Let x be 9/(-12) + 407/132. Let c(s) be the first derivative of -3 - s + x*s**3 + 0*s**2. Determine c(-1).
6
Suppose -4*z - 83 = -3*t, -3*z = -5*t - 6*z + 90. Let y(m) = -m**3 + 22*m**2 - 22*m + 29. Let b be y(t). Let j(s) = s**2 - 8*s - 3. Give j(b).
-3
Let v(g) = g. Let w(l) = -l**3 - 6*l**2 + 4*l - 16. Let f be w(-7). Suppose f*y - 2*y - 24 = 0. Let z be (-46)/(-69) - y/3. What is v(z)?
-2
Suppose 23*h - 6 = 40. Let s(z) = -z. Determine s(h).
-2
Let a(q) = -3*q - 2. Let f = 6 + -4. Suppose 0 = 2*n + 4*g - 18 + 6, -5*n - f*g = -46. Suppose -2*r = 3*r + n. Give a(r).
4
Let v(y) = -4*y + 3. Let l be (-145)/20 + 6/(-8). Let q = l - -11. Let j be 3 - (0 + -2 + q). Calculate v(j).
-5
Let r = 11 + -8. Let l(d) be the second derivative of d**6/720 + d**5/40 - 3*d**4/4 - 17*d. Let k(v) be the third derivative of l(v). What is k(r)?
6
Suppose -3*s + t + 22 = 3*t, 3*s + 4*t - 14 = 0. Let l(y) = 11*y**2 + 12681*y**3 - 8*y - 25364*y**3 - 8 + 12682*y**3. Give l(s).
12
Suppose -6*l + l + 385 = 0. Let u = -48 + l. Suppose 0 = -5*x - u - 1. Let i(j) = j**3 + 7*j**2 + 5*j - 2. Give i(x).
4
Let o(n) = 9*n. Let z(c) = 4*c**3 + 5*c**2 + 3*c + 3. Let l be z(-3). Let v = 46 + l. Let u = 22 + v. Give o(u).
-9
Suppose -4*h = -0*h - 60. Suppose 3*f + h = 51. Let z(w) = 0*w**2 - 4 + w**2 + f*w - 9*w. Calculate z(-5).
6
Suppose h = 3*r - 2, -2*h + 0*h + r + 6 = 0. Let g(k) be the third derivative of k**5/60 - k**4/6 - k**3/6 + k**2. Calculate g(h).
-1
Let y(k) = k - 3. Suppose 0 = 3*h - 2*h - 4. Suppose 3*u = -p - 7, 2 = -h*u + 5*p - 1. Let o be (0/(3/3))/u. Calculate y(o).
-3
Let q(w) be the third derivative of -w**6/120 - w**5/6 - w**4/24 - 13*w**3/6 - 206*w**2. Determine q(-10).
-3
Let u(c) = c - 1. Let o(n) = -n**3 - 10*n**2 - 13*n + 3. Let a(x) = -o(x) - 3*u(x). Give a(-8).
48
Let t(c) = -16*c + 16 - c**2 + 3*c - 3*c + 7*c. Determine t(-10).
6
Suppose -3 - 3 = -2*w. Suppose -o = w*o - 8. Suppose 4*k + 10 = o. Let t(i) = i**2 - 2. What is t(k)?
2
Let v(g) = 0*g - 2 - g**3 - 6*g + 3*g - 4*g**2. Let a = 98 - 101. Give v(a).
-2
Let z(t) = -2*t + 3*t + 4875 - 4865. What is z(-5)?
5
Suppose 25*u = 16*u + 9. Let p(o) = -26*o**3 - o**2 + o. Give p(u).
-26
Let u be -2 + ((-12)/(-4) - -4). Let y(w) = w**3 + 643 - 643 + u*w**2. Give y(-5).
0
Let h(w) = -11*w + 20. Let n(b) = 4*b - 7. Let v(a) = 3*h(a) + 8*n(a). Let r be (-4)/(-16) + 15/4. Suppose -p + r*p = 2*p. Give v(p).
4
Let t be (-30)/(-18) + (-2)/(-6). Suppose -t*o + 1 = -1. Let z(v) = 2*v**3 + o + v + v**3 - 2*v**3 - 4*v**2 + 0*v**2. What is z(4)?
5
Let g be -1 + (-31)/4 - 72/288. Let r(a) = -a**3 - 10*a**2 - 10*a - 10. Determine r(g).
-1
Suppose -66*o + 84 = 678. L